 Give g(1).
-7
Let z(j) = -j**3 + 9*j**2 + 9*j + 35. Calculate z(10).
25
Let s(u) = -122*u + 1890. Calculate s(15).
60
Let c(k) = -2*k**2 - 165*k + 1157. Give c(-89).
0
Let r(b) = 190*b + 5271. Determine r(-27).
141
Let t(n) = 123*n + 1778. Determine t(-15).
-67
Let a(j) = 2*j**2 + 7*j - 6. Determine a(6).
108
Let m(z) = z**3 - 32*z**2 - 147*z + 106. What is m(36)?
-2
Let v(j) = 349*j - 1011. Calculate v(3).
36
Let g(a) = -35*a - 896. Determine g(-26).
14
Let k(r) = r**2 + 9*r + 21. Calculate k(0).
21
Let z(p) = p**3 - 45*p**2 + 282*p + 458. Determine z(37).
-60
Let i(w) = 11*w**2 + 699*w - 1075. What is i(-65)?
-35
Let s(o) = 2*o**2 + 8*o - 93. Calculate s(5).
-3
Let b(k) = k**2 - 69*k + 359. Give b(6).
-19
Let d(i) = -i - 129. Calculate d(26).
-155
Let h(s) = s**3 - 15*s**2 - 85. Calculate h(15).
-85
Let v(o) = 2*o**3 - 24*o**2 + 48*o - 77. Determine v(10).
3
Let w(v) = -2*v**3 - 14*v**2 - 40*v - 56. Give w(-6).
112
Let r(a) = -3*a**2 + 45*a + 212. Determine r(22).
-250
Let s(o) = -2*o**2 - 21*o + 73. Give s(3).
-8
Let s(m) = -802*m**2 + 2405*m + 5. Give s(3).
2
Let y(f) = -f**3 + 57*f**2 + 2379*f - 10. Give y(-28).
18
Let z(b) = -7*b**2 + b + 331. Determine z(7).
-5
Let r(i) = 3*i**2 + 88*i + 302. Give r(-25).
-23
Let i(l) = 4*l**2 + l + 11. Calculate i(-2).
25
Let z(p) = -21*p**2 - 9*p + 1. Determine z(-6).
-701
Let u(y) = -55*y + 445. Give u(8).
5
Let f(w) = -14*w**2 + 237*w - 2. Determine f(21).
-1199
Let v(y) = -y**3 + 20*y**2 - 5*y + 76. Calculate v(19).
342
Let b(p) = -4*p**2 + 1002*p + 2529. Determine b(253).
-1
Let g(x) = 17*x**2 - 24*x + 11. Give g(1).
4
Let o(p) = -21*p - 425. What is o(-19)?
-26
Let t(r) = -2*r**3 - 132*r**2 - 377*r + 61. What is t(-63)?
-2
Let h(g) = 5*g**3 - 3*g + 6. Determine h(-3).
-120
Let x(r) = 28*r**3 - 7*r**2 - r - 6. Calculate x(2).
188
Let r(g) = 2*g**2 - 104*g + 1226. Give r(16).
74
Let g(n) = -n**3 + n**2 + 37*n - 48. Give g(6).
-6
Let u(d) = -d**2 - 440*d + 4964. What is u(11)?
3
Let i(k) = 28*k**3 - 23*k**2 - 46*k - 2. Give i(-2).
-226
Let j(g) = -g**3 - 29*g**2 + 101*g + 40. Give j(-32).
-120
Let q(u) = -170*u + 701. Calculate q(4).
21
Let c(z) = z**3 + 33*z**2 + 221*z - 380. Determine c(-12).
-8
Let r(n) = -371*n + 503. Determine r(2).
-239
Let z(y) = -62*y - 3196. Give z(-51).
-34
Let o(p) = p**3 - 55*p**2 + 102*p + 206. Give o(53).
-6
Let h(f) = 2439*f + 19514. What is h(-8)?
2
Let z(r) = -8*r + 45. Determine z(34).
-227
Let d(y) = -8*y**3 + 81*y**2 - 31*y + 12. Calculate d(10).
-198
Let b(a) = -6*a**2 + 147*a + 1313. Determine b(-7).
-10
Let c(x) = 3*x**2 + 611*x - 3945. Calculate c(-210).
45
Let g(r) = -2*r**3 - 92*r**2 + 2*r + 60. What is g(-46)?
-32
Let z(c) = 2*c**2 + 4425*c + 13268. Determine z(-3).
11
Let l(w) = -w**3 + 6*w**2 - 27*w + 8. Calculate l(7).
-230
Let h(f) = -f**3 - 13*f**2 - 49*f - 70. Calculate h(-6).
-28
Let d(t) = -2*t**2 + 66*t + 160. Calculate d(35).
20
Let f(p) = 1208*p + 3624. What is f(-3)?
0
Let s(n) = -22*n + 892. What is s(39)?
34
Let q(g) = -88*g**2 + 6*g + 4. What is q(-1)?
-90
Let l(u) = u**3 - 61*u**2 + 120*u - 1. Give l(2).
3
Let m(j) = -251*j - 13043. Determine m(-52).
9
Let f(k) = -16*k - 177. Determine f(-13).
31
Let u(o) = 76*o + 1448. Calculate u(-19).
4
Let i(t) = -9*t**3 - 4*t**2 - 14*t + 64. Calculate i(3).
-257
Let o(l) = 20*l + 30. What is o(-6)?
-90
Let l(x) = 79*x - 321. Give l(4).
-5
Let k(d) = 490*d - 67117. Determine k(137).
13
Let h(w) = -334*w + 66126. Determine h(198).
-6
Let j(g) = -g**2 - 2*g + 70. Give j(-16).
-154
Let f(i) = i**3 - 6*i**2 - 52*i + 17. What is f(11)?
50
Let g(a) = 2*a**2 + 79*a + 588. Calculate g(-10).
-2
Let i(p) = -p**2 - 16*p + 39. Calculate i(-18).
3
Let v(c) = 155*c - 632. Give v(4).
-12
Let y(t) = 762*t + 7616. Determine y(-10).
-4
Let n(s) = -9*s - 1001. Calculate n(-59).
-470
Let g(v) = -40*v + 1820. What is g(46)?
-20
Let a(n) = -n**3 - 42*n**2 - n + 45. Determine a(-42).
87
Let u(b) = b**3 + 34*b**2 + 255*b - 416. Determine u(-20).
84
Let z(j) = 434*j - 6507. What is z(15)?
3
Let z(g) = 6*g**3 + 73*g**2 + 43*g + 354. Determine z(-12).
-18
Let f(s) = 3*s**2 - 85*s + 321. Calculate f(24).
9
Let d(c) = 233*c**3 - 3*c**2 + 2*c + 2. What is d(1)?
234
Let y(u) = -14*u**3 - 22*u**2 + 22*u - 1. Give y(1).
-15
Let q(t) = -111*t - 1335. Give q(-12).
-3
Let c(y) = -y**2 + 25*y + 472. Give c(38).
-22
Let v(w) = -199*w + 3177. Calculate v(16).
-7
Let c(n) = -3*n**3 - 20*n**2 + 797*n - 54. Determine c(-20).
6
Let o(s) = -s**3 - 54*s**2 + 174*s + 214. What is o(-57)?
43
Let z(b) = -7*b**2 + 118*b - 368. Calculate z(13).
-17
Let l(k) = -2*k**2 + 41*k + 26. Determine l(-12).
-754
Let r(x) = -2*x**3 + 63*x**2 - x + 41. Calculate r(0).
41
Let j(b) = 15*b**2 - 70*b + 131. Determine j(2).
51
Let n(j) = 30*j + 1114. Give n(-37).
4
Let c(p) = -p**2 - 826*p + 4144. Give c(5).
-11
Let h(a) = -2*a**2 - 27*a - 88. What is h(-9)?
-7
Let b(t) = t**3 - 2*t**2 + 5*t + 47. Calculate b(7).
327
Let h(b) = 47*b - 809. Determine h(13).
-198
Let g(z) = z**3 - 129*z**2 + 213*z - 10909. What is g(128)?
-29
Let n(r) = r**3 - 53*r**2 - 1193*r + 23. What is n(70)?
-187
Let j(r) = -1443*r - 21640. Give j(-15).
5
Let f(l) = l**3 - 34*l**2 + 6*l - 164. Determine f(34).
40
Let w(i) = -250*i - 4656. Determine w(-19).
94
Let t(b) = -11*b - 181. Calculate t(-18).
17
Let k(g) = 285*g**2 + 1146*g + 16. What is k(-4)?
-8
Let s(t) = 30*t + 212. Give s(-8).
-28
Let a(j) = -j**3 + 41*j**2 - 37*j - 39. What is a(40)?
81
Let l(k) = 2*k**2 + 3848*k - 26. Determine l(0).
-26
Let y(l) = 4*l**2 - 13*l + 38. Give y(12).
458
Let z(k) = k**2 + 21*k - 219. Determine z(9).
51
Let s(c) = -11*c**2 - 55*c + 1. Determine s(-5).
1
Let p(v) = 2*v**2 - 49*v + 49. Give p(25).
74
Let b(o) = o**3 - 12*o**2 + 42*o - 21. What is b(6)?
15
Let r(z) = -2*z**2 - 18*z - 58. Determine r(-17).
-330
Let h(i) = -290*i + 1443. Give h(5).
-7
Let x(t) = t**2 - 147*t - 13221. What is x(-63)?
9
Let i(j) = -78*j**2 + 41*j - 2. Determine i(1).
-39
Let c(f) = 41*f - 1956. Determine c(47).
-29
Let c(k) = -12*k + 258. Give c(20).
18
Let r(t) = -t**3 + 25*t**2 + 54*t + 33. Calculate r(27).
33
Let k(s) = -582*s - 29115. Determine k(-50).
-15
Let z(h) = 2*h**3 - 14*h**2 + 21*h - 75. Determine z(6).
-21
Let s(n) = 2*n**3 + 27*n**2 - 15*n - 4. Give s(-14).
10
Let r(h) = -41*h - 100. Calculate r(0).
-100
Let v(r) = 7*r**2 + 26*r - 169. Give v(4).
47
Let o(m) = -6*m**2 - 52*m - 13. Calculate o(-9).
-31
Let f(c) = 16*c**2 + 329*c + 1694. Determine f(-10).
4
Let x(b) = b**3 - 70*b**2 + 32*b - 2186. Give x(70).
54
Let y(a) = -4*a**2 + 110*a - 492. Give y(22).
-8
Let b(v) = -2*v**2 + 1989*v - 5959. Determine b(3).
-10
Let d(x) = 3505*x + 21089. Determine d(-6).
59
Let p(u) = 168*u - 997. What is p(6)?
11
Let q(c) = -447*c + 4864. Give q(11).
-53
Let f(g) = -5*g**2 - 74*g + 70. Determine f(-17).
-117
Let t(q) = 3*q**2 + 384*q + 766. Calculate t(-2).
10
Let a(s) = 14*s + 28. What is a(12)?
196
Let n(v) = v**3 - 21*v**2 + 12*v - 208. Give n(19).
-702
Let h(v) = -v**3 - 9*v**2 - 34*v - 15. What is h(-7)?
125
Let x(h) = -435*h - 6830. Determine x(-16).
130
Let v(r) = -r**3 + 44*r**2 + 180*r + 578. Give v(48).
2
Let j(l) = 3*l**2 - 6*l - 73. What is j(-9)?
224
Let c(q) = -115*q - 3350. Determine c(-29).
-15
Let r(s) = 22*s + 48. What is r(-2)?
4
Let c(g) = 19*g**3 + 5*g - 24. Determine c(3).
504
Let i(f) = f**3 - 17*f**2 + 54*f - 36. What is i(13)?
-10
Let o(d) = d**2 + 41*d - 371. Calculate o(-49).
21
Let a(z) = -19*z + 59. Determine a(5).
-36
Let w(v) = 166*v**2 - 6*v - 8. Give w(-1).
164
Let n(q) = q**3 + 12*q**2 + 18*q + 4. Give n(-7).
123
Let w(l) = 15*l - 306. Determine w(21).
9
Let h(y) = -142*y - 13425. Determine h(-95).
65
Let g(r) = -90*r + 45. Give g(4).
-315
Let x(s) = 5*s**2 - 33*s - 56. Give x(8).
0
Let r(s) = -2*s**2 + 8*s + 83. Give r(-5).
-7
Let y(a) = -352*a - 7075. Calculate y(-20).
-35
Let m(z) = -8*z**2 - 540*z + 271. Give m(-68).
-1
Let m(d) = d**2 + 1681*d + 18343. Determine m(-11).
-27
Let w(p) = -5*p**2 + 25*p - 112. Calculate w(15).
-862
Let g(h) = 2*h**3 + 11*h**2 + 2*h + 5. Calculate g(-5).
20
Let i(k) = 525*k - 62464. What is i(119)?
11
Let n(x) = x**2 + 166*x + 842. Calculate n(-5).
37
Let v(i) = 10*i + 513. Determine v(-48).
33
Let g(s) = 12*s**3 + 142*s**2 - 26*s - 6. Determine g(-12).
1